b) = -4*i(b) + 5*y(b). List the prime factors of u(4).
2, 3
Let v be (-2)/(-12) - 133/42. Let n(s) = s**2 + 4. List the prime factors of n(v).
13
Suppose -5*t = -17 - 8. Suppose 4*b - 4*j + 80 = 0, 2*j - 140 = t*b + 7*j. What are the prime factors of b/(-9) + 4/(-6)?
2
What are the prime factors of (1*(-1022)/(-21))/(1/3)?
2, 73
Suppose -p - 5 = -a + 19, -a + 2*p = -27. What are the prime factors of a?
3, 7
Let t(g) = -7*g. Let d be ((-1)/(-2))/((-1)/2). Let z be t(d). Suppose z*n = -p + 4*n + 8, -n - 14 = -3*p. List the prime factors of p.
5
Let r(c) = -c - 1. Let o be r(4). Let p(s) = -s. Let j be p(0). What are the prime factors of 1 + j - (o + -1)?
7
Let h(q) = -q**3 - 6*q**2 + 5*q - 7. Suppose -18 = -5*p - 4*s, s - 3*s - 24 = -3*p. Let y be -5 + 3/((-9)/p). List the prime factors of h(y).
7
Suppose -3*u + 51 = 2*b, 2*u = -2*u + 2*b + 68. Suppose 2*i = 3*z - 33, -5*i = -5*z + u + 33. List the prime factors of z.
13
Suppose 0 = -u - 3*u + 8. Suppose -3*w - u*w = -85. List the prime factors of w.
17
Suppose -5*u - 39 = -4*b, 3*b - 2*u = -5*u + 9. Let r(n) = n**2 - 5*n + 8. What are the prime factors of r(b)?
2, 7
Let p(w) = 3 + 8*w**2 + 8*w**2 - 3*w**2 + 2*w - 4. What are the prime factors of p(1)?
2, 7
Suppose 6 = 4*g - 2*k, -5*g - 4*k = -10 - 4. Let d = g - -2. Suppose 0*s - 3*s - 2 = -d*j, 5*j = 2*s + 13. List the prime factors of s.
2, 3
Let u = 6 + -1. Let l(w) = w**3 - 2*w**2 - 7*w. What are the prime factors of l(u)?
2, 5
Suppose 0 = 2*a - 4, -a - 4*a = -3*d + 32. Let z = d + -8. What are the prime factors of z?
2, 3
Let c(a) = a**3 + 4*a**2 - 5*a + 4. Let s be c(-5). Suppose 0 = s*l + m - 44, l - 5*m = -2*l + 33. List the prime factors of l.
11
Let j(i) = 7*i**2 + 2*i + 1. Let s = 6 + -4. Let n = s - 3. List the prime factors of j(n).
2, 3
Let f(w) = -w**3 + 6*w**2 - 5*w. Let b be f(5). Suppose b = 3*d + d + 40. What are the prime factors of (-12)/5*d/3?
2
Let d be (3/(-4))/1*4. List the prime factors of (-4)/d*(1 - -5).
2
Let n = -13 + 13. Suppose 5*x + n*x - 25 = 0. What are the prime factors of x?
5
Suppose -4*y + 6 = w + y, -3*w - y + 32 = 0. Let s(p) = p**3 - 12*p**2 + 12*p - 14. Let a be s(w). List the prime factors of -1 - 1 - (a + -1).
2
Let m(o) be the second derivative of o**4/12 - 5*o**3/6 + o**2 + o. Let p be m(5). Suppose 2*f = 3*f - p. List the prime factors of f.
2
Let v = -61 + 115. List the prime factors of v.
2, 3
Suppose -p + 12 = -5*p. Let o(a) = -2*a**3 - 5*a**2 - 3*a - 4. Let s be o(p). Suppose 0 = 4*y - s - 18. List the prime factors of y.
2
Let t(x) = x**2 - 4*x + 1. Let b be t(-7). Suppose -2*g - 4*v = -b, v - 6 = -v. What are the prime factors of g?
3, 11
Let v = 17 + -12. Suppose 89 = -v*d + m, -5*m + 2 - 25 = d. What are the prime factors of 2*(-39)/d*3?
13
Let f(j) = 2*j - 10. Let i be f(8). Suppose -i*y + 18 = -5*y. What are the prime factors of y?
2, 3
Let r be (-3 - (-20)/2) + -2. Suppose 0 = s - 3 - r. List the prime factors of s.
2
Let r be (-5 + 5)*1/(-2). Suppose r = -3*a + 7*a + 8, 0 = -5*b - 4*a + 12. List the prime factors of b.
2
Let a(d) = -d**2 + 8*d - 2. What are the prime factors of a(7)?
5
Let u = -39 - -61. What are the prime factors of u?
2, 11
Suppose 4*h - h = -i + 36, -h - 4*i = -1. List the prime factors of 1884/78 + (-2)/h.
2, 3
Suppose -2*h + 4*a + 96 = 0, 4*h - 5*a + 27 = 5*h. List the prime factors of h.
2, 3, 7
Let i(n) be the third derivative of n**6/24 - n**4/24 + n**3/6 + 2*n**2. Let t = 0 - -1. List the prime factors of i(t).
5
Let r be 3*5/(-2)*6. What are the prime factors of (-665)/r + 2/9?
3, 5
Let r(l) = -l + 63. List the prime factors of r(0).
3, 7
Suppose -18 = -3*p + 2*k, -3*p + 7*p = 3*k + 25. List the prime factors of p.
2
Let r be -38 + (1 - -1) + -1. Let y = r + 62. Suppose 4*l - 3 = y. What are the prime factors of l?
7
Suppose 0 = -3*c + 2*h + 7 + 8, -3*h + 2 = -c. Suppose r - c = -1. Let g = -4 + r. What are the prime factors of g?
2
Let s = 53 - 30. What are the prime factors of s?
23
Let j(r) be the third derivative of r**5/60 - 11*r**4/24 - 3*r**3 + r**2. Let c be 4*((-39)/(-12) + 0). What are the prime factors of j(c)?
2
Suppose -p + 56 = p. Suppose -3*f + p = -q - 3*q, f - 18 = -3*q. What are the prime factors of f?
2, 3
Let s(g) = -g**2 - 9*g - 3. Let d be s(-8). Suppose -2*c + d = 3*c. What are the prime factors of (c - -9)/((-2)/(-2))?
2, 5
Let p(g) be the third derivative of -g**4/8 - 7*g**3/6 - 2*g**2. Let z = -26 + 20. List the prime factors of p(z).
11
Let v(b) = 4*b. Let w be v(1). Suppose 0 = -3*x + w*c - 40 - 59, -5*x = 3*c + 165. Let l = x - -49. List the prime factors of l.
2
Let y = 21 - 9. What are the prime factors of y?
2, 3
Suppose 0*n + 4*n - 5*i + 3 = 0, 0 = 5*n - i + 9. List the prime factors of n/5 + 108/20.
5
Suppose 6*b = 3*b + 3*a + 210, -3*b = -a - 200. List the prime factors of b.
5, 13
Suppose 0 = 5*w + 4*m - 19, 0*m + 2*m + 15 = w. Suppose w + 165 = 4*b. What are the prime factors of b?
43
Suppose -y + 15 - 1 = 0. What are the prime factors of 134/y + (-12)/(-28)?
2, 5
Suppose 0 = -30*c + 34*c - 1020. What are the prime factors of c?
3, 5, 17
What are the prime factors of 40/220 - 691/(-11)*1?
3, 7
Suppose 0 = -4*a + h + 102, -a - 5*h + 41 - 5 = 0. Suppose -n - 2*z = -7, -a = -5*n - 0*z - z. What are the prime factors of n?
5
Suppose -3*b - 5*s - 15 = -2*s, 5*b - s - 5 = 0. Suppose -5*q + 6*t - 5*t + 103 = b, 0 = -3*q + 5*t + 53. List the prime factors of q.
3, 7
Let x = -1 + 2. Let f be (-1)/x - (-2 - 3). List the prime factors of f/((-2)/3*-1).
2, 3
Suppose 2*d - 5*y = 14, -2*y + 6 = 2*d - 5*y. Let x be (9 + d)*(-2)/4. What are the prime factors of -1*10/6*x?
5
Let k(s) = -s**3 + 2*s**2 + 5*s - 4. Let l be k(3). Let m = 6 - l. What are the prime factors of m?
2
Let q(f) = 16*f - 2. List the prime factors of q(8).
2, 3, 7
Let z be (9 + 0)*16/48. Suppose z*n - 143 = -4*v, -2*n + 62 = -0*n - 4*v. List the prime factors of n.
41
Let j be -1*1/((-2)/2). Let u = j - -1. Suppose -u*l + 28 = -5*p - 1, -4*l + 73 = 5*p. What are the prime factors of l?
17
Suppose -8 = -2*f, -f - 6 = -2*w + 6. Suppose w = -4*u + 52. List the prime factors of u.
11
Suppose -5*r - 8*a + 15 = -3*a, 4*r - 12 = -a. Suppose -2*d - 4 = 3*y + y, r*d = -5*y - 5. Suppose 4*q - 40 = -d*q. What are the prime factors of q?
2, 5
Suppose -h + 3*u - 143 = 0, 4*h - u = 29 - 590. Let l be 4/10 + h/(-25). Suppose 3*z + 11 = -f, -2*z = 4 + l. List the prime factors of f.
2
Let c(p) = 2*p - 8. Let k be c(4). Suppose k = -4*y + 2*q + 80, 0*y = 4*y + q - 68. List the prime factors of y.
2, 3
Let r(y) = 7*y**2 + 11*y - 2 + 3 - 2 - y**3 - 4*y. Let b be r(8). What are the prime factors of ((-4)/10)/(b/315)?
2, 7
Let s be (-15)/6 - (-2)/(-4). What are the prime factors of 8 - s/(-3)*0?
2
Suppose 93 - 14 = j. List the prime factors of j.
79
What are the prime factors of (-6 - 0)/18 + 176/6?
29
Suppose 3*y - 4*y = -9. Suppose 4*p - 47 - y = -2*q, 5*q - 95 = -p. What are the prime factors of q?
2, 3
Suppose 7*l - 4*l - 438 = -3*v, -152 = -v - 3*l. List the prime factors of v.
11, 13
Let s = 7 - 4. Suppose -2*y - 7 = -s*y. Suppose -4 = -q + y. List the prime factors of q.
11
Let x(y) = y**2 + 4*y - 3. Let o be x(-5). Let m be 2 + 0 + 0/o. Suppose -a - 27 = -2*h, m*a - 42 = -3*h - 12. What are the prime factors of h?
2, 3
Suppose -48 - 90 = -2*c. Let g = -31 + c. List the prime factors of g.
2, 19
Suppose 5*m = 4*y - 2*y - 403, 3*y + 4*m - 662 = 0. List the prime factors of y.
2, 107
Let q(r) = r**3 + r**2 + r - 49. Let w be q(0). Let d = w - -73. What are the prime factors of d?
2, 3
Let d = -8 - -12. Let c(j) = -j**3 + 5*j**2 + 3. Let g be c(5). Suppose -2*a = d*k - 10, -a - g*a + 41 = k. List the prime factors of a.
11
Let f(n) = n - 5. Suppose 19 = 2*d - z, -4*z + 11 = 3*d - 1. List the prime factors of f(d).
3
Suppose 4*g - 29 = 179. Suppose -5*v = 2*i - g, -128 = -4*i + v + v. List the prime factors of i.
31
Let d = 10 - 4. Let l = 3 + d. List the prime factors of l.
3
Let k(i) = -39*i - 4. What are the prime factors of k(-2)?
2, 37
Let m(z) = -9*z**3 - z**2 - 4*z - 2. What are the prime factors of m(-1)?
2, 5
Let a be (4/6)/((-2)/(-21)). Let c = -4 + a. Suppose 3 = p - c. List the prime factors of p.
2, 3
Let t be ((-5)/4)/(5/20). Let z be 4/2 + (-5 - t). Suppose 0*h + z*h